culate the remainder when 292597 is divided by 292575.
22
What is the remainder when 211223 is divided by 5291?
4874
Calculate the remainder when 116128 is divided by 3521.
3456
Calculate the remainder when 923826 is divided by 153958.
78
Calculate the remainder when 20669922 is divided by 14004.
18
Calculate the remainder when 2098154 is divided by 58282.
2
What is the remainder when 2288867 is divided by 1020?
1007
What is the remainder when 41117 is divided by 592?
269
Calculate the remainder when 56252286 is divided by 33684.
6
What is the remainder when 1183014 is divided by 12?
6
Calculate the remainder when 338906 is divided by 80.
26
What is the remainder when 14367614 is divided by 3591837?
266
Calculate the remainder when 286836 is divided by 15.
6
What is the remainder when 4001119 is divided by 3206?
31
Calculate the remainder when 420425 is divided by 454.
21
What is the remainder when 24800372 is divided by 13?
12
What is the remainder when 267355 is divided by 3108?
67
What is the remainder when 5162301 is divided by 5?
1
What is the remainder when 392230 is divided by 13486?
1136
What is the remainder when 1901493 is divided by 475373?
1
Calculate the remainder when 422802 is divided by 46.
16
Calculate the remainder when 2714888 is divided by 526.
202
What is the remainder when 3642 is divided by 3018?
624
Calculate the remainder when 5701362 is divided by 5.
2
What is the remainder when 84199684 is divided by 582?
580
Calculate the remainder when 8085736 is divided by 298.
102
Calculate the remainder when 54319 is divided by 27046.
227
What is the remainder when 365271099 is divided by 285?
279
Calculate the remainder when 228209 is divided by 4562.
109
What is the remainder when 627147 is divided by 2170?
17
Calculate the remainder when 138273 is divided by 68942.
389
Calculate the remainder when 763160 is divided by 493.
489
What is the remainder when 666554 is divided by 60590?
64
Calculate the remainder when 29527955 is divided by 110.
105
Calculate the remainder when 8190967 is divided by 2853.
4
Calculate the remainder when 27177945 is divided by 2090609.
28
Calculate the remainder when 6129863 is divided by 73.
53
What is the remainder when 731977 is divided by 23?
2
Calculate the remainder when 16929971 is divided by 1410830.
11
Calculate the remainder when 40264735 is divided by 647.
631
Calculate the remainder when 1674944 is divided by 558300.
44
Calculate the remainder when 14931 is divided by 2586.
2001
Calculate the remainder when 1943694 is divided by 93.
87
Calculate the remainder when 4593737 is divided by 873.
11
What is the remainder when 72125 is divided by 17886?
581
Calculate the remainder when 2282392 is divided by 142649.
8
Calculate the remainder when 11140121 is divided by 3.
2
Calculate the remainder when 222989 is divided by 3911.
62
Calculate the remainder when 6336421 is divided by 12.
1
Calculate the remainder when 8808017 is divided by 4.
1
Calculate the remainder when 120363 is divided by 1691.
302
Calculate the remainder when 39728891 is divided by 21.
20
Calculate the remainder when 1015298 is divided by 13907.
87
Calculate the remainder when 124510639 is divided by 16.
15
What is the remainder when 3158203 is divided by 99?
4
What is the remainder when 198615 is divided by 4053?
18
Calculate the remainder when 35808097 is divided by 35808066.
31
Calculate the remainder when 351341 is divided by 39022.
143
Calculate the remainder when 374229 is divided by 311.
96
What is the remainder when 12237027 is divided by 93?
87
Calculate the remainder when 241635 is divided by 19541.
7143
Calculate the remainder when 1515982 is divided by 691.
619
Calculate the remainder when 165779015 is divided by 17.
13
What is the remainder when 33497608 is divided by 1662?
1660
Calculate the remainder when 1718630 is divided by 1431.
1430
What is the remainder when 5054102 is divided by 3476?
3474
Calculate the remainder when 5343978 is divided by 750.
228
Calculate the remainder when 249732576 is divided by 3610.
3606
Calculate the remainder when 202460 is divided by 24448.
6876
Calculate the remainder when 88092484 is divided by 88269.
22
What is the remainder when 436621 is divided by 1011?
880
Calculate the remainder when 181168 is divided by 2316.
520
What is the remainder when 38771 is divided by 31?
21
Calculate the remainder when 133178153 is divided by 1286.
1279
Calculate the remainder when 2370068 is divided by 3774.
3770
Calculate the remainder when 53513 is divided by 6637.
417
Calculate the remainder when 298540 is divided by 298487.
53
Calculate the remainder when 8693 is divided by 8486.
207
What is the remainder when 825998 is divided by 137648?
110
Calculate the remainder when 1614166773 is divided by 279.
276
What is the remainder when 2868159 is divided by 955939?
342
What is the remainder when 23981323 is divided by 29033?
65
Calculate the remainder when 325137 is divided by 5173.
4411
Calculate the remainder when 243792 is divided by 407.
406
What is the remainder when 2239279 is divided by 559754?
263
What is the remainder when 823281 is divided by 823252?
29
What is the remainder when 1003919620 is divided by 335?
330
Calculate the remainder when 16763 is divided by 1536.
1403
Calculate the remainder when 1794533 is divided by 78.
65
Calculate the remainder when 30837 is divided by 890.
577
Calculate the remainder when 1055421 is divided by 518.
255
What is the remainder when 54834 is divided by 2844?
798
Calculate the remainder when 1215773 is divided by 344.
77
What is the remainder when 37533509 is divided by 44?
13
What is the remainder when 6525320 is divided by 3991?
35
Calculate the remainder when 4671307 is divided by 4671307.
0
What is the remainder when 240033 is divided by 1154?
1
Calculate the remainder when 146768 is divided by 73298.
172
What is the remainder when 297531 is divided by 1235?
1131
Calculate the remainder when 1436098 is divided by 68379.
139
What is the remainder when 980906 is divided by 4210?
4186
What is the remainder when 174770 is divided by 17848?
14138
What is the remainder when 5472887 is divided by 208?
199
What is the remainder when 9045 is divided by 2988?
81
Calculate the remainder when 1790120 is divided by 315.
290
Calculate the remainder when 169957 is divided by 3026.
501
Calculate the remainder when 1307296 is divided by 16.
0
What is the remainder when 3258142 is divided by 1629062?
18
Calculate the remainder when 48110 is divided by 861.
755
What is the remainder when 1204853 is divided by 14?
13
Calculate the remainder when 234471 is divided by 4051.
3564
Calculate the remainder when 317713991 is divided by 381.
377
Calculate the remainder when 229341 is divided by 75.
66
What is the remainder when 998598 is divided by 1078?
370
What is the remainder when 8086631 is divided by 376?
375
Calculate the remainder when 131421184 is divided by 145.
144
Calculate the remainder when 26724 is divided by 13183.
358
Calculate the remainder when 446643 is divided by 2914.
801
Calculate the remainder when 208900 is divided by 175.
125
What is the remainder when 254658 is divided by 835?
818
What is the remainder when 53587143 is divided by 1154?
1153
Calculate the remainder when 4396967 is divided by 2731.
57
What is the remainder when 11919595 is divided by 1204?
1199
Calculate the remainder when 1236217 is divided by 411275.
2392
What is the remainder when 961967 is divided by 26?
19
What is the remainder when 194149 is divided by 1458?
235
What is the remainder when 6782515 is divided by 3307?
3165
Calculate the remainder when 581141 is divided by 26.
15
Calculate the remainder when 34826 is divided by 17380.
66
What is the remainder when 25436 is divided by 12091?
1254
Calculate the remainder when 1427258 is divided by 1730.
8
Calculate the remainder when 32769134 is divided by 93.
26
Calculate the remainder when 134760 is divided by 33628.
248
Calculate the remainder when 23278871 is divided by 13.
5
Calculate the remainder when 1116212 is divided by 1116205.
7
Calculate the remainder when 112719598 is divided by 40.
38
What is the remainder when 4363209 is divided by 80?
9
Calculate the remainder when 5470125 is divided by 683.
661
What is th